ivided by 47.
45
Calculate the remainder when 115343 is divided by 26.
7
What is the remainder when 11992 is divided by 1248?
760
What is the remainder when 1709 is divided by 29?
27
What is the remainder when 3006 is divided by 975?
81
What is the remainder when 177462 is divided by 88727?
8
What is the remainder when 41804 is divided by 180?
44
Calculate the remainder when 33399 is divided by 11130.
9
Calculate the remainder when 2374 is divided by 2358.
16
Calculate the remainder when 165768 is divided by 32.
8
What is the remainder when 23899 is divided by 31?
29
Calculate the remainder when 15748 is divided by 308.
40
Calculate the remainder when 71011 is divided by 44.
39
Calculate the remainder when 2096 is divided by 538.
482
What is the remainder when 11759 is divided by 1512?
1175
What is the remainder when 4530 is divided by 14?
8
What is the remainder when 9803 is divided by 3230?
113
Calculate the remainder when 90 is divided by 28.
6
What is the remainder when 8335 is divided by 2771?
22
Calculate the remainder when 58875 is divided by 254.
201
Calculate the remainder when 1857 is divided by 331.
202
What is the remainder when 210 is divided by 167?
43
Calculate the remainder when 8445 is divided by 1653.
180
Calculate the remainder when 388668 is divided by 6.
0
Calculate the remainder when 3016 is divided by 130.
26
Calculate the remainder when 346594 is divided by 64.
34
Calculate the remainder when 10104 is divided by 122.
100
Calculate the remainder when 1956 is divided by 8.
4
What is the remainder when 467 is divided by 5?
2
Calculate the remainder when 6428 is divided by 71.
38
What is the remainder when 52866 is divided by 2514?
72
What is the remainder when 58652 is divided by 39?
35
Calculate the remainder when 540917 is divided by 34.
11
Calculate the remainder when 624 is divided by 130.
104
What is the remainder when 1109 is divided by 561?
548
What is the remainder when 68630 is divided by 166?
72
Calculate the remainder when 27557 is divided by 1527.
71
Calculate the remainder when 341107 is divided by 488.
483
What is the remainder when 201237 is divided by 195?
192
Calculate the remainder when 2165 is divided by 88.
53
Calculate the remainder when 229223 is divided by 538.
35
Calculate the remainder when 11997 is divided by 24.
21
What is the remainder when 9406 is divided by 733?
610
What is the remainder when 77625 is divided by 996?
933
What is the remainder when 16897 is divided by 4223?
5
What is the remainder when 243325 is divided by 81107?
4
What is the remainder when 80648 is divided by 517?
513
What is the remainder when 1526 is divided by 253?
8
Calculate the remainder when 5837 is divided by 530.
7
Calculate the remainder when 3220 is divided by 132.
52
Calculate the remainder when 32200 is divided by 32186.
14
What is the remainder when 1681 is divided by 731?
219
Calculate the remainder when 14881 is divided by 65.
61
What is the remainder when 10456 is divided by 1451?
299
Calculate the remainder when 125291 is divided by 1740.
11
What is the remainder when 50419 is divided by 315?
19
What is the remainder when 14734 is divided by 54?
46
Calculate the remainder when 125745 is divided by 62867.
11
What is the remainder when 185298 is divided by 184?
10
What is the remainder when 2149483 is divided by 86?
85
Calculate the remainder when 9631 is divided by 4802.
27
Calculate the remainder when 210880 is divided by 15.
10
What is the remainder when 48614 is divided by 374?
368
What is the remainder when 3763 is divided by 3752?
11
What is the remainder when 274045 is divided by 145?
140
What is the remainder when 15539 is divided by 122?
45
Calculate the remainder when 5368 is divided by 299.
285
Calculate the remainder when 75166 is divided by 331.
29
Calculate the remainder when 117035 is divided by 13002.
17
What is the remainder when 10510 is divided by 583?
16
What is the remainder when 26951 is divided by 40?
31
What is the remainder when 542 is divided by 436?
106
Calculate the remainder when 69162 is divided by 227.
154
Calculate the remainder when 9914 is divided by 658.
44
Calculate the remainder when 122934 is divided by 484.
482
Calculate the remainder when 5941 is divided by 172.
93
Calculate the remainder when 938744 is divided by 15.
14
Calculate the remainder when 2400 is divided by 895.
610
Calculate the remainder when 105107 is divided by 174.
11
Calculate the remainder when 36758 is divided by 33.
29
Calculate the remainder when 7915 is divided by 43.
3
What is the remainder when 25924 is divided by 7?
3
Calculate the remainder when 80992 is divided by 26997.
1
What is the remainder when 71402 is divided by 541?
531
What is the remainder when 4729 is divided by 404?
285
What is the remainder when 117648 is divided by 65?
63
Calculate the remainder when 64614 is divided by 8073.
30
What is the remainder when 43116 is divided by 280?
276
What is the remainder when 20550 is divided by 2283?
3
What is the remainder when 52052 is divided by 1735?
2
What is the remainder when 3325 is divided by 263?
169
What is the remainder when 10485 is divided by 47?
4
Calculate the remainder when 13583 is divided by 522.
11
What is the remainder when 84293 is divided by 18?
17
Calculate the remainder when 20550 is divided by 266.
68
What is the remainder when 200660 is divided by 3?
2
What is the remainder when 108505 is divided by 700?
5
Calculate the remainder when 2677348 is divided by 390.
388
Calculate the remainder when 10331 is divided by 2440.
571
What is the remainder when 1707 is divided by 14?
13
What is the remainder when 61039 is divided by 292?
11
Calculate the remainder when 15422 is divided by 47.
6
Calculate the remainder when 17935 is divided by 30.
25
What is the remainder when 63568 is divided by 23?
19
Calculate the remainder when 27304 is divided by 66.
46
What is the remainder when 20665 is divided by 2293?
28
What is the remainder when 27583 is divided by 6887?
35
Calculate the remainder when 349486 is divided by 233.
219
What is the remainder when 49950 is divided by 1665?
0
What is the remainder when 41180 is divided by 288?
284
What is the remainder when 669080 is divided by 78?
74
What is the remainder when 7922 is divided by 7530?
392
Calculate the remainder when 982374 is divided by 46.
44
What is the remainder when 120873 is divided by 58?
1
Calculate the remainder when 2316 is divided by 10.
6
Calculate the remainder when 28866 is divided by 1318.
1188
What is the remainder when 1827 is divided by 167?
157
What is the remainder when 523257 is divided by 17?
14
Calculate the remainder when 265 is divided by 160.
105
What is the remainder when 2644 is divided by 198?
70
Calculate the remainder when 23313 is divided by 2585.
48
What is the remainder when 28292 is divided by 329?
327
What is the remainder when 8533 is divided by 1418?
25
What is the remainder when 84463 is divided by 10?
3
Calculate the remainder when 36748 is divided by 33.
19
What is the remainder when 139414 is divided by 4646?
34
Calculate the remainder when 1035 is divided by 23.
0
What is the remainder when 148609 is divided by 1292?
29
Calculate the remainder when 34955 is divided by 34935.
20
What is the remainder when 1077 is divided by 250?
77
What is the remainder when 10946 is divided by 342?
2
Calculate the remainder when 146818 is divided by 622.
26
Calculate the remainder when 2195 is divided by 10.
5
Calculate the remainder when 488639 is divided by 8.
7
Calculate the remainder when 9145 is divided by 54.
19
Calculate the remainder when 82759 is divided by 13.
1
Calculate the remainder when 3273 is divided by 1618.
37
What is the remainder when 11939 is divided by 14?
11
What is the remainder when 1366 is divided by 204?
142
What is the remainder when 24596 is divided by 417?
410
What is the remainder when 5942 is divided by 38?
14
Calculate the remainder when 12643 is divided by 3160.
3
Calculate the remainder when 1503 is divided by 489.
36
Calculate the remainder when 361263 is divided by 293.
287
Calculate the remainder when 1212 is divided by 572.
68
Calculate the remainder when 43706 is divided by 7279.
32
Calculate the remainder when 4207 is divided by 1036.
63
What is the remain